pose x = -3*b + 5*v + 546, 3*b - 142 = -4*v + 377. What are the prime factors of b?
3, 59
What are the prime factors of -4 - 0 - 204*7/(-2)?
2, 5, 71
Let z(d) = d**3 - 6*d**2 + 19*d - 22. List the prime factors of z(9).
2, 7
Let a(i) = -2*i**3 - 25*i**2 - 27*i - 14. Let b be a(-12). Let x = -90 + b. List the prime factors of x.
2, 19
Let o(k) = -731*k - 60. What are the prime factors of o(-3)?
3, 79
Let l(g) = 3*g**3 - 4*g**2 + 5*g + 3. Let s(x) = 5*x**3 + 3*x**3 - 3*x**3 - 4*x**3. Let m(v) = -l(v) + 4*s(v). What are the prime factors of m(-4)?
17
Let j(g) = g**3 - g**2 - 7*g + 12. Let d be 1/(4 + 38/(-10)). What are the prime factors of j(d)?
7, 11
Let d(v) = -v**3 - 13*v**2 - 9*v + 69. What are the prime factors of d(-12)?
3, 11
Let q = 636 - 421. Suppose -5*h = 5*c - q, -4*h = -2*c + 3*c - 181. List the prime factors of h.
2, 23
Let s be 3*(-4)/(20/(-5)). Suppose -3*c + s*i = -237, 389 = 2*c + 3*c + i. What are the prime factors of c?
2, 3, 13
Let r(n) be the first derivative of n**6/360 - n**5/30 + n**4/4 - 11*n**3/3 - 13. Let m(y) be the third derivative of r(y). List the prime factors of m(-4).
2, 19
Let m(a) = a**2 + 24*a - 29. List the prime factors of m(20).
23, 37
Let g(z) = -95*z - 127. What are the prime factors of g(-31)?
2, 1409
Suppose -4*a = -5*y - 699, a - 122 = y + 53. Let i = a + -102. What are the prime factors of i?
2, 37
Let b = 24 + 22. Let c = -78 + b. Let r = 22 - c. List the prime factors of r.
2, 3
Let j(u) = -37*u**2 - 2*u + 4. Let d be j(1). What are the prime factors of (-9610)/d - -1*(-9)/(-21)?
5, 11
List the prime factors of ((-119766)/(-27) - 20/(-90))/2.
2, 1109
Let n = -20 + 16. Let y be (4 + n)*(-1)/(-3). Suppose -5*v + m - 6*m + 125 = y, 4*v + m = 88. List the prime factors of v.
3, 7
Let i be 195/4 - (-3)/12. Let n be 7/(-42) - i/(-6). Suppose -n = -3*c + 10. What are the prime factors of c?
2, 3
Let q(b) = 9*b**2 - 55*b - 65. What are the prime factors of q(24)?
29, 131
Let d = 227 + 111. What are the prime factors of d?
2, 13
Let z(s) = -2*s**3 + s**2 + s + 1. Let l be z(-1). Suppose m + 3*n = 6*m - 463, l*m - 5*n = 281. What are the prime factors of m?
2, 23
Let a(r) = -203*r - 649. What are the prime factors of a(-27)?
2, 151
Suppose -11*s = -13*s + 2. Let p = 2 + s. Suppose -u = 4*u + 2*a - 57, -p*a + 14 = u. What are the prime factors of u?
11
Let c(i) = -i + 6. Let n be c(3). Suppose -2*d = -n*d + 3. Suppose 3*l + 4*y - 46 = 0, l - y - 9 = -d. List the prime factors of l.
2, 5
Let t be (-7)/(28/16) - -76. What are the prime factors of (1026/t)/(3/4)?
19
List the prime factors of (-85)/(-17) - 4 - 562/(-2).
2, 3, 47
Let c be (-8)/(8 + -6) + (-1 - -8). Suppose w + 747 = c*y, -4*y + 1225 = 2*w + 219. What are the prime factors of y?
2, 5
List the prime factors of 1326/(-4)*-5*(-8)/(-12).
5, 13, 17
Suppose -q - 285 + 21 = 0. Let u be 4 - (-13)/((-26)/q). Suppose u = 6*p - 104. List the prime factors of p.
2, 5
Suppose 4*l + 9745 = 2*j + 2365, -5*j - 2*l = -18402. What are the prime factors of j?
2, 7, 263
Suppose -20 = 3*l + 2*l. Let t be l + 2 + 0 - -107. Suppose 5*o + 3*p = 114, -t = -4*o + 3*p - 30. List the prime factors of o.
3, 7
Suppose 0 = -5*j - 7 + 32. Suppose 0 = s + j*t - 3, -5*s + 5 + 10 = 2*t. Suppose s*l + 1 = 115. List the prime factors of l.
2, 19
Suppose -1928 = -a - a + 4*d, 4*a = d + 3891. List the prime factors of a.
2, 487
Let l(b) = 78*b**2 + 19*b - 23. List the prime factors of l(6).
13, 223
Suppose -y + 2*y = -29. List the prime factors of -1*y/(2 + -1).
29
Let o(v) = -6*v**3 + 10*v - 5. Let g(c) = 5*c**3 - c**2 - 9*c + 5. Let w(a) = 4*g(a) + 3*o(a). List the prime factors of w(4).
3, 5
Let w be -9 + (-2)/(-1) - -1. Let c be w + -4 + 2 + 2. Let b = c - -37. List the prime factors of b.
31
Let f be 9/(180/8) + (-2)/5. Suppose 3*w + 397 = 4*k, -2*k + f*k - 4*w = -226. List the prime factors of k.
103
Suppose 4*r = 5*p + r - 795, 0 = 3*r. What are the prime factors of 1*1/3*p?
53
What are the prime factors of ((-540)/48)/((-5)/(-60)*-3)?
3, 5
Let p = -47 + 47. Suppose 292 = 4*j - p*j. What are the prime factors of j?
73
Let r be (-40)/(-2 - 3) - -1. Suppose -r*z = -z - 288. List the prime factors of z.
2, 3
Suppose -79*p + 199461 = -28*p. List the prime factors of p.
3911
Let o = -779 + 1307. List the prime factors of o.
2, 3, 11
Suppose 4*k + 3*i - 7 = 2*k, -3*k + 11 = 4*i. Suppose -k*s - 1 = -61. List the prime factors of s.
2, 3
Suppose 0 = n + 5*x - 63, 5*x - 242 = -5*n + 93. List the prime factors of n.
2, 17
Suppose -3*z = -0*z - 108. What are the prime factors of 1/(2/z*2)?
3
Let c(k) = -k + 5. Let w be c(5). Suppose -12 = -w*j - 6*j. Suppose 0 = 3*u - j*u - 5. What are the prime factors of u?
5
Let g = 21 - -23. Suppose g*u - 38*u - 240 = 0. List the prime factors of u.
2, 5
Let g = -63 - -66. Suppose -5*f = -g*f - 16. What are the prime factors of f?
2
Let b be (-2)/(-7) + 3 + (-2782)/(-14). Suppose 67*q - 65*q = b. What are the prime factors of q?
101
Let z(a) = -a**3 + 14*a**2 + 14*a + 19. Let x be z(15). What are the prime factors of (-4)/2 + 0 + x?
2
Suppose -2*o - i + 25 = 4*i, -3*o + 6 = -3*i. Suppose -2 = 3*s - 2*s + g, -2*g = o*s - 2. Suppose 23 = s*f - 1. List the prime factors of f.
2, 3
Let f = 88 + -45. Let s = f + -74. Let q = -5 - s. List the prime factors of q.
2, 13
Let h(u) = u**2 - 10*u + 2. Suppose 2*c = c + 13. List the prime factors of h(c).
41
Let n(c) = 231*c + 33. What are the prime factors of n(4)?
3, 11, 29
Suppose 3*h - 4*j = 5682, 0 = 2*h - j - 0*j - 3783. List the prime factors of h.
2, 3, 5, 7
Let c(l) = -4*l**2 + 9*l + 52. Let j(v) = -11*v**2 + 27*v + 154. Let u(w) = 8*c(w) - 3*j(w). List the prime factors of u(16).
2, 3, 11
Let o = -389 + 248. Let x = -92 - o. List the prime factors of x.
7
Let w = -40 - -42. Suppose w*l + 6*l = 824. List the prime factors of l.
103
Let x = 20 - 18. Suppose -4 = -x*u + 4. What are the prime factors of 2/(u + -2) + 36?
37
Suppose f - 48 = -5. Let q = -26 + f. List the prime factors of q.
17
Let o = -375 + 994. List the prime factors of o.
619
Suppose 3*f = 4*f + 5, -2*f = -3*z + 1951. Let t = z - 448. List the prime factors of t.
199
Suppose -2*c - 16 = 3*q - 7*q, 3*c + 4*q - 26 = 0. Suppose 7*f - c*f = 0. Suppose 13*o - 17*o + 144 = f. List the prime factors of o.
2, 3
Suppose -q = -22 - 30. Suppose 55 = l + 2*c, -l + 0*l - c = -q. List the prime factors of l.
7
Suppose -7*r = -4*r - 3*g, -5*r = -2*g - 12. Suppose -5*m = -5*u - 231 - 119, -r*m = 4*u - 264. List the prime factors of m.
2, 17
Let d = 16 - 14. Suppose 4*o + 5*j = 6*j + 14, 16 = 3*o + d*j. List the prime factors of (-136)/(-10) - o/(-10).
2, 7
Suppose 5*i = 8*q - 5*q + 7056, 3*i - 4228 = -q. List the prime factors of i.
2, 3, 5, 47
Let s be (5/10)/((-2)/(-8)). Suppose s*w = 5*w. Suppose -o = 2*u - 4*o + 2, 4*u - 4*o = w. What are the prime factors of u?
2
Suppose 38*b = 37*b + 84. Suppose 16*d = 20*d - b. List the prime factors of d.
3, 7
Let z(p) = -3*p + 11. Let c be z(-3). List the prime factors of (172/14)/(c/140).
2, 43
Let p be (12/(-10))/(18/(-60)). Suppose p*u - 84 = 2*u. List the prime factors of u.
2, 3, 7
Let z(r) = 12*r - 5 - 10 - 22*r**2 + 16*r**2. Let l(x) = -x**2 - x - 1. Let a(u) = -5*l(u) + z(u). What are the prime factors of a(12)?
2, 5
Let m(y) = y**3 - y**2 - 2*y + 2. Let s be m(0). Suppose 3*o + 4*n - 47 = 0, -8 = -6*n + s*n. List the prime factors of o.
13
Let r(b) = b**3 + b - 3. Let o be -1*(-4)/8*0. Let g be r(o). List the prime factors of g*(-1)/2*22.
3, 11
Let b be 16/(-12)*(-9)/(-2). List the prime factors of (-598)/b - (-32)/24.
101
Suppose 12*r = 7*r + 115. Suppose -4*k = -r - 17. What are the prime factors of 4*3/24*k?
5
What are the prime factors of (-38075)/100*(24*-1)/2?
3, 1523
Suppose 0 = 91*a - 92*a + 356. What are the prime factors of a?
2, 89
Let y(b) = 13*b**2 + 10*b - 17. List the prime factors of y(-9).
2, 11, 43
Let i = 6 - 9. Let v = -99 - -139. List the prime factors of 110/i*(-48)/v.
2, 11
Let k(o) = -o + 2. Let f be k(-2). Suppose f*l = -5*h, -4*l - 36 = -4*h - 0. What are the prime factors of h?
2
Let i be (-2 - 14/(-6))*12. Let d be -2*(-1 + 2/i). What are the prime factors of (6/(-3) - d) + 12?
3
Let n(l) = -198*l - 2. Let i be n(-1). Suppose 4*w - i = -5*h, w - 3*w + 78 = 2*h. List the pri